249826125. Is c a composite number?
False
Let i = -1872 - -6903. Suppose 5*c = 4*h - 5061, i = -30*h + 34*h + c. Is h a composite number?
False
Suppose 4 = -2*d - 2*m, 0 = -d - 7*m + 2*m + 10. Is (-26101 - -5)/(-2) + d prime?
True
Suppose -706 = -2*m + 1578. Let v = 2459 - m. Is v a composite number?
True
Let n = -33 + 39. Let i be 712/(-6)*n/(-4). Suppose 3*b + b = 3*z - 573, 0 = -z - 3*b + i. Is z composite?
True
Let b be (57/(-95))/((-1)/65). Suppose 34*l = b*l - 790. Is l a prime number?
False
Let k(y) = -4*y - 15. Let r = 88 + -94. Let x be k(r). Let v(o) = 112*o - 29. Is v(x) a prime number?
False
Let k(z) = 0*z**3 - z**3 - 2*z + 26*z**2 + 10*z - 5*z**2 - 21. Is k(12) prime?
False
Is -4*((-903795)/60 - 12) a composite number?
True
Suppose 3*q + 2*y = 38939, y + 2*y = 3*q - 38949. Is q a composite number?
True
Let i be ((-20948)/2)/(106/(-159)). Let l = -9808 + i. Is l a composite number?
False
Suppose 5*f - 18 = -f. Suppose -6*v - 4*k + 18 = -v, f*k = 5*v - 4. Suppose -5052 = -5*t + 3*r, v*t = r + 1486 + 535. Is t a prime number?
False
Let k(l) = -l**3 + 8*l**2 + 8*l + 8. Let n be k(9). Is -1*(1 - n)*23915/(-10) a prime number?
True
Let m(p) = -p**2 + 8*p - 6. Let n be m(7). Is (5/(-2))/((2/(-556))/n) a composite number?
True
Suppose -11690816 = -91*n + 14709285. Is n composite?
True
Let d(o) = -201485*o - 10339. Is d(-10) a composite number?
False
Let h(x) = -173 + 360 - 50*x - 144. Suppose 15 = -5*s, -4*l - 2*s - 14 = -4*s. Is h(l) a prime number?
True
Let u be 4/14 + 132/28. Suppose -z + 2*h - 61 = 0, 3*z + 191 = 3*h - u*h. Is 7/((-21)/12) - z prime?
True
Let x = -519 - -568. Suppose -x*g + 24544 = -17*g. Is g composite?
True
Let l be (-14)/(-4) - (-26)/(-52) - -8. Suppose -51759 + 145072 = l*v. Is v a prime number?
False
Let r(o) = 2*o**3 - 95*o**2 + 220*o + 568. Is r(75) a composite number?
True
Suppose 4*d - 12 = -2*q, 4*q = 2*d - 0*d - 16. Suppose -4*h - d*k = -8832, 0 = -5*h + 5*k + 8830 + 2160. Is h composite?
False
Let d be (-1)/3 + 91/21. Let t = 450 + -106. Suppose 4*g = -d + t. Is g a prime number?
False
Suppose 0 = -4*w + 14*w - 15470. Let y = 2962 - w. Is y a composite number?
True
Let k(y) = 1. Suppose 3*c + 9 = -3*n + 4*n, 0 = -2*c - 2. Let b(i) = -62*i - 15. Let s(f) = n*k(f) - b(f). Is s(10) a composite number?
False
Let r = 528 - 528. Suppose 70*w - 65*w - 83355 = r. Is w composite?
True
Let y = 10 + 1. Suppose -16*r + y = -21. Suppose -728 = -5*u - r*g, -227 - 60 = -2*u - 5*g. Is u a composite number?
True
Suppose -q + 25 = -3*h + 4*q, 4*q = -2*h + 20. Suppose 18*s - 15*s - 9 = h. Suppose s*l + 2*l - 3155 = 0. Is l composite?
False
Let g = 735 + 2697899. Is g composite?
True
Suppose o = c + 10, -3*o + c + 37 - 1 = 0. Let n be 5307/7 + (-10 - 966/(-98)). Suppose -11*u - n = -o*u. Is u composite?
False
Suppose 617*n = 611*n + 17694. Is n composite?
True
Let t = 38 + -36. Suppose -t*n - 17795 = -5*j, n + 3*n = -3*j + 10677. Suppose 0 = -2*x + j + 5535. Is x prime?
True
Suppose -7*l + 2*l + 3*t + 216944 = 0, 3*t = -2*l + 86765. Is l a composite number?
True
Let a be (4 + (11 - 3))*5/20. Suppose -a*z + 11298 = -1719. Is z composite?
False
Let g(j) = 713*j**2 + 211*j - 841. Is g(4) a composite number?
False
Suppose 52*a + 31416 = 59*a. Suppose -7*y = -a + 617. Is y composite?
True
Let z = -9190 - -42185. Is z a prime number?
False
Suppose -4 = 7*z - 25. Let x be z/(-4)*(842 - -2). Let y = x - -2410. Is y prime?
True
Let t be (-2)/(-14) - 112390/(-14). Let u = t - 611. Is u prime?
True
Let u = -704089 + 2928924. Is u prime?
False
Suppose -109*t + 127*t - 240174 = 0. Is t prime?
False
Let j(g) = 3*g**3 - 6*g**2 - 7*g + 271. Is j(22) prime?
False
Let g(d) = 82*d**2 + 106*d - 1999. Is g(17) prime?
False
Let f(y) = 74722*y - 44. Is f(3) a prime number?
False
Let d(h) = 475*h**2 - 14*h - 191. Is d(12) a composite number?
False
Is 24204/3 + 4 + 5 + -6 composite?
True
Let c be (1 - (-2)/(-1)) + 1. Suppose -7*q + 14143 - 4602 = c. Is q composite?
True
Suppose 2*i + 24 = 4*k - 0*k, -k - 1 = 3*i. Suppose 0*q - 2*g = k*q - 2848, -3*g = 3*q - 1716. Suppose 3*a - 2*b = 3827, -a + q = 2*b - 713. Is a composite?
False
Let w(s) = -11*s**3 - 3*s**2 - 11*s + 95. Let j(u) = 5*u**2 - 46*u - 3. Let v be j(9). Is w(v) composite?
False
Suppose 2*f - 2 = 2*o, -4*o = 4*f - 3*o - 19. Suppose 4*a - 522 = -0*a + 2*b, b = -f*a + 513. Is (-3 - -2)*((0 - a) + 2) composite?
False
Let l = 1445355 + -741822. Is l a composite number?
True
Let n(u) = 42*u**3 + 23*u**2 - 3*u**2 + 4*u**3 - 22*u**2 - 1 + 24*u. Is n(6) prime?
True
Let p = 3712 + -2275. Suppose 343 = -v - 348. Let o = p + v. Is o prime?
False
Let k be -3 + 4 + (-2)/(-2). Suppose -4*f + 7*q + 59819 = 4*q, -k*q = 3*f - 44843. Is f a composite number?
False
Let h be (-6)/4*15/9*-8. Is 12270/h*(-2)/(-3) prime?
True
Suppose 11*v - 15*v - 20 = 0. Let y be (-88)/2*-16 + v. Suppose -h - y = -2258. Is h composite?
False
Suppose 0 = -c - 2*x + 2543, -c + 4*x = -0*c - 2567. Suppose -5*q = -7209 - c. Is q - (4 - 4 - 6/(-2)) a prime number?
True
Suppose -j = -0*j - 2. Let b be 40*20/160 + 5727*(-2)/(-1). Suppose j*z = -5*z + b. Is z prime?
True
Suppose 4*j = 3*o - 295961, 2*o + 6*j = 2*j + 197354. Is o prime?
True
Let q = 1 + 16. Let r = -15 + q. Suppose r*s + 111 = 3*c, 0 = 4*c - s + 3*s - 162. Is c a composite number?
True
Let k be ((-13787)/(-3))/(4/(-12)). Is (4 - 10 - k)/1 a composite number?
False
Let g(s) = s**3 + 4*s**2 - 7*s - 4. Let q be g(-5). Suppose -2*u - 12 = -q*h + 3*h, -12 = -3*h - 3*u. Let p(b) = 20*b + 33. Is p(h) a composite number?
False
Suppose 12 = -6*v + 3*v, 5*t - 4*v = 96011. Is t prime?
False
Let q(k) = -2*k**2 - k + 12569. Suppose 10*d = 2*d - d. Is q(d) a prime number?
True
Let b = -10197 - -49556. Is b a prime number?
True
Suppose -o + 4 = 0, 0 = -m + 5*o - 24 + 4. Suppose 2*l - 822 = -m*l. Let h = -32 + l. Is h a prime number?
True
Suppose 150950 = 3*w - 5*j, -9*w = -6*w + 4*j - 150887. Is w a prime number?
False
Suppose 16*d - 91 = 3*d. Let q(t) = 24*t**3 - 2*t**2 - 7*t + 10. Is q(d) a prime number?
False
Suppose 4*a - 101 = -81. Suppose -4*u = a*q - 6, 0 = 4*q + u + 2*u - 5. Is ((-3112)/12)/(q/(-3)) a composite number?
False
Let h = 44 + -41. Suppose -h*a + 61 = -4*s - 2*a, -2*s - 5*a - 25 = 0. Is ((-5)/s)/((-2)/(-1974)) a prime number?
False
Let s be -5*(-1 - -2) + 1092. Suppose b - 4884 = -s. Is b composite?
False
Let f(y) = -2*y**3 - 23*y**2 - 8*y + 29. Let w be -32*((-3)/6 + 1). Is f(w) prime?
False
Is (1 + (-3)/1)/(-27 - (-24034010)/890149) a prime number?
False
Let k(j) = -1616*j - 2719. Is k(-12) prime?
True
Let k(t) = -t**2 + 61*t + 167. Suppose 34*b - 258 = 28*b. Is k(b) prime?
True
Suppose 13980308 = 125*y - 28*y + 3120285. Is y a prime number?
True
Suppose -3*j = 4*h + h - 1364, -5*h - 4*j = -1362. Suppose r = 74 + h. Suppose 5*l - 217 = r. Is l prime?
True
Let r be ((-8)/6)/(4/(-6)). Let j(k) = 4*k**r - 2*k + 2*k**2 + 20 + 15*k. Is j(-9) a prime number?
True
Suppose 52228 = 3*s + 4*a - 5878, 3*s + a - 58118 = 0. Suppose -u + 3*z = -6*u + 48439, 2*u = -2*z + s. Is u prime?
True
Let a(t) = t**3 - 2*t**2 - 8*t + 4. Let o be a(4). Is ((-244)/(-8))/((-6)/(-33))*o a composite number?
True
Let l be 48/96 + (-55045)/(-10). Let c(m) = -1231*m. Let b be c(2). Let r = l + b. Is r prime?
False
Let s = 26568 + -10459. Suppose 0*k + s = k. Is k composite?
True
Let g = -5466 - -2620. Let a = g - -5049. Is a a composite number?
False
Suppose -5*z + 159570 = -5*f, -2*f + 33698 = -4*z + 161340. Is z a prime number?
True
Let q = -59 + 59. Suppose -5*k + q*k + 4*y = -41445, 3*k - 24867 = 4*y. Suppose 0 = -5*v + k + 176. Is v a composite number?
False
Suppose -15478 - 39052 = -2*c. Suppose -2*q = 3*q - 5*v - c, 0 = -4*q + v + 21818. Is q a prime number?
False
Is 8/((-72)/3)*(1 + -373378) a composite number?
False
Let c be 12*6/252 - 9/7. Is c + 203 + -1*(-5 - -4) composite?
True
Let c be (-7)/(98/1086712) + 2/7. Is c/(-10) + (-8)/(-10) a composite number?
True
Let c(m) = m**2 + 4*m + 10. Let i be c(6). Let x = 76 - i. Suppose 0 = 4*b - 5*h - 1213, -924 = 3*b - x*b - h. Is b a prime number?
True
Suppose 0 = -8*z + 6 - 30. Let i(b) be the first derivative of 11*b**3/3 + 3*b**2 + 8*b + 2. Is i(z) a prime number?
True
Let j = -137 - -247. Let n(x) = -3*x**2 - 13*x - 11. Let f be n(-10)